te the remainder when 72 is divided by h.
15
Suppose 3*p = -p + 2*c - 6, -p - 6 = 4*c. Let f(n) = -n**3 - 2*n**2 - 2. What is the remainder when f(-3) is divided by 1*2*(p - -4)?
3
Suppose 6 = 5*r - 4. Suppose 2*x - 10 = 0, 0*x + 78 = 2*q + r*x. What is the remainder when q is divided by 36*2*2/8?
16
Let t = 158 - 63. Calculate the remainder when t is divided by 14.
11
Let v = 0 - -27. Suppose 0 = -3*a + 15, -2*g + 3*a = -0*g - v. What is the remainder when 81 is divided by g?
18
Let b be (-6)/(5/(20/3)). Let r = 5 + b. What is the remainder when 15 is divided by 3*(0 + 6 + r)?
6
Suppose -36 = -5*b - 3*g, 3*b + 4 - 19 = -4*g. Suppose 0*c + 4*d + 14 = c, -49 = -c - 3*d. What is the remainder when c is divided by b?
7
Suppose -15 = -3*x - 3*m, -3 = 3*x - m - 14. Calculate the remainder when x is divided by 2.
0
Let y = 204 - 146. What is the remainder when y is divided by 12?
10
Let h be (-12467)/(-42) + 2/12. Suppose -2*k = k - h. What is the remainder when k is divided by 25?
24
Suppose 7 + 13 = 3*y + 2*x, 4 = x. What is the remainder when 7 is divided by y?
3
Suppose -3*j + 171 = -9. Suppose 2*y = -3*y + j. What is the remainder when 35 is divided by y?
11
Let n(r) = 0*r - 5*r**3 - 1 + 6*r**3 + 2*r - 6*r**2. Suppose -5*t = -40 + 10. Calculate the remainder when n(t) is divided by 6.
5
What is the remainder when 66 is divided by 3/(-5) + 66*(-28)/(-105)?
15
Let r = -6 + 38. Suppose 16 = -2*y + k, -y - 5*k - 8 = -3*k. Let i = y - -19. Calculate the remainder when r is divided by i.
10
Let m(w) = -2*w + 1. Let a be m(-1). Suppose 5*n - 22 = a*n. Calculate the remainder when n is divided by 6.
5
What is the remainder when 4/14 - (-187)/7 is divided by (-2 - -6) + -1 - -4?
6
Let g = 9 + -6. Suppose -3*p = -2*x - 90, 8 + 1 = -g*x. Calculate the remainder when p is divided by 2/4 - 29/(-2).
13
Let l be -10*(10/(-4) - -2). Suppose -l*i + 18 = -42. What is the remainder when 19 is divided by i?
7
Suppose -4*k + 7*k - 816 = 0. Suppose 4*j - k + 96 = 0. Suppose 0 = -2*o + j + 10. Calculate the remainder when o is divided by 14.
13
What is the remainder when (-6)/((-6)/24 - 41/(-196)) is divided by 37?
36
Suppose -k + 18 = 2*y - 5, 0 = -3*y + 15. Suppose k = j - 41. What is the remainder when j is divided by 14?
12
Let q(i) = i**2 + 6*i. Let v(z) = z**3 - 4*z**2 - 6*z - 1. Let p be v(5). Let y be q(p). Let g = 3 + y. Calculate the remainder when 7 is divided by g.
1
Let n = -3 - -3. Suppose -2*j + 103 - 21 = n. What is the remainder when j is divided by 21?
20
Let a(s) = 2*s**2 - 2*s + 6. What is the remainder when 52 is divided by a(3)?
16
Let q(m) = 6*m - 6. Let u be q(9). Let y = u + -33. Calculate the remainder when 43 is divided by y.
13
Let w(f) = -f + 1. Let o be w(-4). Suppose -x - 26 = -5*b, -2*x + 38 = o*b - 0*x. What is the remainder when 23 is divided by b?
5
Suppose 67 = -2*o - 205. Suppose 5*x = -2*v + 12, 6*v + 8 = -2*x + 2*v. What is the remainder when 17 is divided by o/(-22) - x/22?
5
Let w(f) = f**2 - 12*f + 12. Let u be w(9). Let z = 1 - -3. Let y = z - u. What is the remainder when 36 is divided by y?
17
Let v = 21 - 17. What is the remainder when v is divided by 3?
1
Let m(l) = l**2 + 4*l - 2. Let y be m(4). Suppose -y = -p - p. Calculate the remainder when p is divided by 8.
7
Let x = 36 - 26. What is the remainder when 29 is divided by x?
9
Let j = 6 + -3. What is the remainder when 4 is divided by j?
1
Let y(t) be the second derivative of t**3/2 - 2*t**2 - t. Let d = 12 - 9. What is the remainder when y(d) is divided by 2?
1
Suppose -2*b - 7*h + 49 = -4*h, b - 12 = h. Suppose -f + 6 = v - b, 4*v = 5*f + 92. What is the remainder when v is divided by 12?
11
Suppose 5*y + i - 50 = 2*i, 5*i + 16 = -y. What is the remainder when 25 is divided by y?
7
Calculate the remainder when ((-3)/2)/3*-94 is divided by (3 + 15/35)/(10/35).
11
Let u(h) = -h**2 + 6*h - 8. Let f be u(7). Let p = f + 20. Calculate the remainder when 11 - (0 - 2*-1) is divided by p.
4
Let x be (14 - 8)*(-1)/2. Suppose -c + 3*v = -8, -5*c - 2*v = -0*v - 40. Calculate the remainder when 165/x*2/(-5) is divided by c.
6
Let t = 45 + -168. Suppose -5*k + 0*q = q - 29, -9 = -k - q. Calculate the remainder when 1/3 + t/(-9) is divided by k.
4
Suppose -55 = -3*r + 2*r. Let s(l) be the second derivative of 5*l**4/12 - l**3/3 + 3*l**2/2 - l. Calculate the remainder when r is divided by s(2).
17
Let k(h) = -h**3 - 6*h**2 - 11*h - 20. What is the remainder when 19 is divided by k(-5)?
9
Let i(u) = u**2 - u - 1. Let x(v) = 3*v**2 - 14*v + 8. Let w(b) = -2*i(b) + x(b). Calculate the remainder when w(13) is divided by 6.
5
Suppose 13*h - 16*h = 60. Calculate the remainder when (-8)/h + (-166)/(-10) is divided by 5.
2
Let u = 8 - 2. Suppose 0 = 4*p - 12. Calculate the remainder when u is divided by p.
0
Let s(g) = -g**3 + 13*g**2 - 17*g - 11. What is the remainder when s(11) is divided by 9?
8
Suppose 32 = -b + 46. Let d(j) = -j**3 - 8*j**2 + 4. Let i be d(-6). Let z = -27 - i. Calculate the remainder when z is divided by b.
13
Let m = 37 - 22. What is the remainder when 103 is divided by m?
13
Suppose -4*o - 24 = -f, 5*o + 4 = -11. Calculate the remainder when 68 is divided by f.
8
Let k(i) = i**2 + 2*i - 2. Suppose 3*s + 22 = -5. Calculate the remainder when k(4) is divided by -3*1*24/s.
6
Suppose 3*k - 442 = 122. Suppose 5*n + 68 - k = 0. Calculate the remainder when 47 is divided by n.
23
What is the remainder when 66 is divided by 2 - 2/(4/(-30))?
15
Let q = 11 - 6. What is the remainder when 3 - (5 + -3)*-5 is divided by q?
3
Suppose 5*v + 143 = 33. Let w = -16 - v. What is the remainder when 11 is divided by w?
5
Suppose -5*n - 3*w = -7*w - 255, 102 = 2*n + 4*w. What is the remainder when n is divided by 18?
15
Suppose -2*y = -1 - 1. What is the remainder when 1 is divided by y?
0
Suppose -3*t = -3*i, 2*t - 2*i = 2*i - 2. Let k(s) = 20*s - 2. Calculate the remainder when 32 is divided by k(t).
14
Suppose 2*f = 2*a - 36, -3*a + 5*f = -48 - 6. Suppose -4*k = -2*k - 4*w - 158, 3*k = 3*w + 222. What is the remainder when k is divided by a?
15
Let z be (6/(-4))/((-9)/24). Suppose -176 = 3*d - 7*d. Suppose -v + 4*c = -z*v + d, 92 = 5*v + 2*c. Calculate the remainder when 38 is divided by v.
18
Suppose -56 = -5*h + 4. Let u(k) = -10*k**2 - 2 + h*k + k**3 + 1 + 2. Calculate the remainder when u(9) is divided by 15.
13
Suppose -h = 3, 198 = -5*w - h + 5*h. Let i = 69 + -46. Calculate the remainder when i is divided by (24/14)/((-6)/w).
11
Suppose q + 4*q - 20 = 0. Suppose -b + q*b - 42 = 0. Suppose -6 = z + 2*a - 0*a, -2*a - 26 = -4*z. What is the remainder when b is divided by z?
2
Suppose -4*w - 109 = -3*v - 5*w, -5*w = -4*v + 177. Calculate the remainder when 186 is divided by v.
34
Suppose 3*v = -f + 380, 2*v - 4*f = 154 + 76. Calculate the remainder when v is divided by 26.
21
Let m be 2/(-3 - (-15)/6). Let z(u) = u**2 - 6*u - 3. Suppose 3*a + 2*a + 21 = 2*g, -a + 66 = 5*g. What is the remainder when z(m) is divided by g?
11
Suppose -1 = l - 3. Let u(a) = 6*a - 1. Suppose 0*m = 5*b - m - 24, 3*m + 32 = 5*b. What is the remainder when u(l) is divided by b?
3
Let n = -3 - -4. Calculate the remainder when ((-120)/(-32) - 3)/((-2)/(-24)) is divided by 6 - -1*(n + -1).
3
Let p = -11 + 3. What is the remainder when 1 - (-1 + 1) - -11 is divided by p/4*(-21)/6?
5
Let w(d) = 59*d + 3. Let x be w(-6). Calculate the remainder when (-1)/(1/(-44)) + 1 is divided by 6/(-15) - x/15.
22
Calculate the remainder when 72 is divided by (2 + 1)/((-8)/(-72)).
18
Calculate the remainder when 99 is divided by (-745)/(-30) - 3/(-18).
24
Suppose -4*k + 3*i = -2*k - 14, -2*k = -4*i - 12. Let m be (k/4 - 3)*-4. Suppose m = -2*p + 12. Calculate the remainder when 13 is divided by p.
3
Calculate the remainder when 3360/98 + 1/(14/(-4)) is divided by 5.
4
Suppose 66 = 8*m - 62. Calculate the remainder when m is divided by 6.
4
Let n(f) = f**2 - 3*f - 1. Let l be n(4). Suppose -2*k + 30 = 5*o - 7*k, -l = -3*k. Let w(b) = 2*b - 6. What is the remainder when 29 is divided by w(o)?
5
Suppose -4*h + 19 - 7 = 0. Calculate the remainder when 17 is divided by 2 + 11 + h*-1.
7
Let j be (-32)/20*(-5)/2. Suppose -t = j*t - 10. Let y(s) = 3*s**2 + 2*s - 1. Calculate the remainder when y(1) is divided by t.
0
Let s(d